 -4*v = -k*i - 81. Calculate the greatest common factor of v and 2.
2
Suppose i = 2*n - 0*i - 56, n = -2*i + 28. Suppose -2*g = -t - 9 + 25, 40 = 3*t + 2*g. What is the highest common factor of n and t?
14
Let r be ((-9)/6 - 3)*(2 + -6). Calculate the greatest common divisor of r and 2.
2
Let m(f) = f**3 - f**2 + 77. Let u = -12 - -12. Let s be m(u). Calculate the highest common factor of s and 7.
7
Suppose 0 = 2*h + i - 66 + 8, -2*i = 3*h - 88. Calculate the greatest common divisor of 56 and h.
28
Let i(f) = 26*f + 4. Let h(d) = -25*d - 3. Let y(c) = 4*h(c) + 3*i(c). Let q be y(-2). What is the highest common divisor of q and 11?
11
Suppose 2*m = -2*n + 4*n + 10, 3*m = -4*n + 15. Suppose n = u - b - 92, -3*b - b - 458 = -5*u. Let g = 16 - 6. Calculate the highest common divisor of g and u.
10
Let v(p) = -p**2 + 1. Let r be v(-1). Suppose -m + 5*m - 152 = r. Let c be (-2 - (-4 + 0)) + 17. Calculate the highest common factor of c and m.
19
Let s be (-4 + 1)/((-3)/(-2)). Let v be s/2*-2*8. Let r(m) = -4*m. Let h be r(-2). What is the highest common divisor of v and h?
8
Let q = 6 - 4. Let s = -16 + 7. Let g be (-2)/s - (-284)/18. What is the highest common divisor of q and g?
2
Suppose 2*j - 132 = 3*c, 4*j = 5*j + 4*c - 44. What is the greatest common factor of 12 and j?
12
Suppose 2*x - 26 = 2*l, 0 = -3*x - 0*l + l + 29. Calculate the highest common divisor of x and 8.
8
Suppose -91*q + 648 = -89*q. What is the highest common divisor of q and 36?
36
Let o = 38 - 23. Suppose -3*z + 26 = 4*y, z + 5*y + 7 - 34 = 0. Suppose -z*n = -n - o. What is the greatest common factor of n and 30?
15
Let r be -1*1*(5 + -8). Calculate the highest common divisor of r and 21.
3
Suppose -4*a + 12 + 8 = 0. Suppose 2*f - 22 = -3*w, -3*f = -w - 1 - 10. Let m be (-81 + 1)*(-2)/w. Calculate the greatest common divisor of m and a.
5
Suppose 5*z = 5*v - 15, -2 - 8 = 4*z - 3*v. Let h = z + 2. Suppose -i - 32 = -4*g, -g - 5*i - 20 = -49. Calculate the greatest common factor of h and g.
1
Suppose -7*t = -18*t + 55. Suppose -4*a = 10 - 50. Let r = a - t. Calculate the greatest common factor of 2 and r.
1
Let x be (-2)/(-8) + (-189)/(-12). Suppose 0 = -2*v + v + 4. Let h be v/5*(-15)/(-3). What is the highest common factor of h and x?
4
Suppose 2*w + 1370 = 4*a, 2*a - 5*w + 1705 = 7*a. Suppose -3*m - m - 3*j = -a, 4*j = 3*m - 244. What is the greatest common divisor of m and 12?
12
Let o(l) = -l**2 + 6*l + 2. Let r be o(6). Suppose 0 = 5*q + 5*k - 55, -2 = -3*k + r*k. Calculate the highest common divisor of q and 63.
9
Let c(g) = 2*g**2 - g - 1. Let o be c(-1). Let i(x) = 9 + o + x**3 - 8*x**2 - x + 2*x. Let l be i(8). Calculate the highest common factor of l and 38.
19
Let w = 2 - 2. Let b be (w + 0)/(-3) + -1. Let n = 5 - b. Calculate the highest common factor of n and 6.
6
Suppose -2*a + 0*a = -6. Calculate the highest common divisor of a and 24.
3
Let y = -2 + 9. What is the greatest common divisor of y and 35?
7
Let h = 8 - -76. Let l be (-1 - -1)/2 - 58. Let r = -37 - l. Calculate the greatest common divisor of h and r.
21
Let f(c) = c**3 - 16*c**2 + 16*c - 11. Let i be f(15). Let h(v) = -4*v - 8. Let r be h(-6). What is the highest common factor of r and i?
4
Let x(y) = y + 0*y**3 + 6*y**2 - 2*y**3 + 3*y**3. Let h be x(-3). Calculate the highest common factor of h and 60.
12
Suppose 4*u = 4*q + 2*u, -3*q = -u + 1. Let g = q - -4. What is the highest common divisor of 24 and g?
3
Let x = -69 - -42. Suppose c = 5*w - 27, -6*w = 2*c - 2*w + 26. Let b = c - x. Calculate the greatest common factor of 90 and b.
10
Suppose x = 4*o - 617, x = -o + 3*o - 311. Let q = -76 + o. Calculate the highest common factor of 7 and q.
7
Let l(t) = -t**3 - 6*t**2 - 3*t - 6. Let f be l(-6). Let c(n) = -n**3 - 26*n**2 + 6. Let r be c(-26). What is the greatest common factor of r and f?
6
Let b = 43 - 30. Let n be -24*32/(-6) - -2. Calculate the greatest common divisor of n and b.
13
Let t be 250/9 - (-2)/9. What is the greatest common factor of 4 and t?
4
Suppose a - 11 = 17. Let q = -53 - -60. Calculate the highest common divisor of q and a.
7
Suppose -2*b = 2*i, b = -i + 5*b + 20. Calculate the highest common divisor of 4 and i.
4
Suppose 14 + 6 = 10*j. Let s(c) = -4*c - 1. Let k be s(-1). What is the highest common divisor of j and k?
1
Suppose -1175 = -5*x - 4*b - b, -5*b = 3*x - 711. What is the highest common divisor of x and 29?
29
Let f(s) = 4*s - 3. Let h(r) = r**3 + 5*r**2 - 8*r - 8. Let g be h(-6). Let n be f(g). Calculate the highest common factor of n and 52.
13
Let z be (-20)/15*27/(-6). Calculate the greatest common divisor of z and 24.
6
Let v be 32/12*3 - -2. What is the greatest common factor of v and 4?
2
Suppose -4*k = -2*k + 6. Let i be 14/4*(2 + -4). Let a = k - i. Calculate the highest common factor of a and 1.
1
Suppose -4*y = -3*p - 51, -5*y = 4*p - 14 - 11. Let w be (-2)/(-6) + 15/y. Calculate the greatest common divisor of 2 and w.
2
Suppose -75 - 72 = -7*j. What is the highest common divisor of 147 and j?
21
Suppose 10 + 18 = 2*x. Let k be x*(9/(-6) - -1). Let v = 57 + k. Calculate the greatest common factor of v and 10.
10
Suppose 0 = t - 2*h + 71 - 320, 986 = 4*t - 3*h. Calculate the highest common divisor of 49 and t.
49
Suppose -60 = -0*z + 3*z. Let i be (z/(-15))/(1/132). What is the greatest common divisor of i and 22?
22
Suppose 0*h = h - 3. Let n = 9 - h. Calculate the highest common factor of 42 and n.
6
Let q(n) = n**3 + 3*n**2 + 4*n + 2. Let a be q(-2). Let g = 8 - a. Calculate the highest common factor of 25 and g.
5
Suppose -4*p + 15 = 5*k, -5*p - k + 9 = 2*k. Suppose 2*d - 273 + 63 = p. Calculate the highest common divisor of d and 15.
15
Suppose 8*w - 8 = 4*w. Calculate the greatest common factor of 10 and w.
2
Let u(n) = n**2 - 23*n + 41. Let t be u(23). Calculate the highest common divisor of t and 205.
41
Let r = -45 + 60. What is the greatest common factor of 15 and r?
15
Suppose 0 = -2*v + 10 + 4. Suppose v*j - 2*j - 75 = 0. Let q = -82 + 127. Calculate the greatest common factor of j and q.
15
Suppose -5*u = -b + 15, -25 = -2*b - b - 5*u. Calculate the greatest common factor of 110 and b.
10
Let a be 0/(-4) - (2 - 10). Suppose -f + 5*n + 10 + 10 = 0, -5*n = 0. What is the highest common factor of f and a?
4
Suppose z = 3*z + 156. Let n be ((-1)/2)/(3/z). What is the highest common divisor of n and 13?
13
Let h(d) = d**3 - 4*d**2 + d + 5. Let p(f) = -f. Let v be p(-4). Let x be h(v). What is the greatest common divisor of x and 9?
9
Suppose -24 = -3*y + 3*t, -4*y + 2*y - 5*t + 37 = 0. Calculate the greatest common divisor of y and 44.
11
Let n be 0 + (-2)/3*-27. Let w be 15 + (-1 + 1)/(-2). Suppose c - 3 = w. Calculate the highest common divisor of n and c.
18
Suppose 0 = -b + 7*a - 2*a + 50, 196 = 5*b + 2*a. Calculate the greatest common factor of b and 8.
8
Suppose 4*z - 36 = 36. Let n be (-14)/(-3)*z/4. Let f = 111 - 90. Calculate the greatest common factor of n and f.
21
Let d = 176 + -120. Calculate the highest common factor of d and 7.
7
Let x = -9 + 3. Let p be (-4)/x + 96/18. Let a(v) = 2*v - 4. Let t be a(3). Calculate the greatest common divisor of t and p.
2
Suppose -3*q = 2*q - 25. Let z = 75 + -60. Calculate the highest common divisor of q and z.
5
Suppose 28 = u - 8. What is the greatest common divisor of 12 and u?
12
Let d be 1/2 - (-50)/20. Suppose -d*t = -7*t + 64. Calculate the greatest common divisor of 16 and t.
16
Let b = -16 - -18. Suppose 0 = b*q - q - 11. What is the highest common divisor of 11 and q?
11
Let g(t) = -t - 3. Let o be g(8). Let f be (o/(-3))/(10/30). What is the highest common factor of f and 44?
11
Suppose -23 = -3*w + 4. Let s(g) = 19*g**3 - 2*g**2 + 1. Let l be s(1). Let d be (-2)/(-9) - (-968)/l. Calculate the greatest common factor of w and d.
9
Let s(w) = 3*w + 1 + 0*w + 0. Let z be (-5)/(-2)*(-4)/(-10). Let f be s(z). Calculate the greatest common divisor of 36 and f.
4
Let x(z) be the second derivative of z**4/12 + z**3/6 + 3*z**2 + z. Let v be x(6). What is the greatest common factor of v and 12?
12
Suppose q + 5*l + 27 - 112 = 0, 4*l - 12 = 0. Suppose 10 = j + y, 0*j = 3*j - 5*y - 62. Calculate the greatest common divisor of q and j.
14
Suppose 14 = -9*k + 104. What is the greatest common fac